base 8) in base 6?
10
Convert -a6 (base 14) to base 8.
-222
2 (base 10) to base 16
2
-33 (base 7) to base 14
-1a
Convert -122 (base 6) to base 4.
-302
161 (base 8) to base 5
423
11 (base 15) to base 4
100
What is -25 (base 7) in base 3?
-201
Convert -1 (base 6) to base 13.
-1
12 (base 7) to base 13
9
What is 1 (base 6) in base 2?
1
-32 (base 4) to base 10
-14
7 (base 11) to base 4
13
Convert 15 (base 11) to base 5.
31
What is -3 (base 7) in base 15?
-3
What is -4 (base 16) in base 13?
-4
1032 (base 5) to base 3
12021
-51 (base 9) to base 7
-64
Convert -9 (base 10) to base 12.
-9
What is -1133 (base 4) in base 10?
-95
Convert -4 (base 10) to base 2.
-100
What is 304 (base 6) in base 12?
94
1 (base 8) to base 9
1
What is -221 (base 8) in base 16?
-91
-12 (base 8) to base 12
-a
What is 35 (base 10) in base 6?
55
What is 2 (base 15) in base 10?
2
Convert -15 (base 8) to base 3.
-111
Convert -3 (base 6) to base 4.
-3
-221 (base 4) to base 2
-101001
201 (base 10) to base 16
c9
What is -22 (base 4) in base 3?
-101
What is 24 (base 12) in base 2?
11100
100 (base 3) to base 7
12
Convert -5 (base 8) to base 10.
-5
Convert -31 (base 6) to base 8.
-23
-213 (base 12) to base 15
-153
37 (base 13) to base 2
101110
What is 4 (base 16) in base 4?
10
0 (base 13) to base 14
0
5 (base 7) to base 12
5
What is 27 (base 10) in base 12?
23
55 (base 16) to base 14
61
151 (base 6) to base 15
47
2 (base 11) to base 3
2
0 (base 4) to base 8
0
What is -15 (base 10) in base 6?
-23
158 (base 15) to base 3
102102
Convert 10111101 (base 2) to base 4.
2331
Convert 184 (base 10) to base 12.
134
-217 (base 13) to base 14
-1b8
4 (base 8) to base 12
4
Convert 7 (base 16) to base 2.
111
111 (base 4) to base 12
19
-3 (base 8) to base 10
-3
Convert 9 (base 11) to base 10.
9
Convert -51 (base 11) to base 9.
-62
What is -13 (base 13) in base 14?
-12
What is 0 (base 6) in base 15?
0
Convert -15 (base 9) to base 8.
-16
Convert 16 (base 13) to base 8.
23
What is -3 (base 13) in base 10?
-3
What is -23 (base 6) in base 4?
-33
Convert 4 (base 13) to base 11.
4
What is -44 (base 11) in base 15?
-33
-3 (base 9) to base 11
-3
Convert 101100 (base 2) to base 4.
230
What is 3 (base 8) in base 9?
3
-113 (base 4) to base 5
-43
What is -60 (base 14) in base 13?
-66
Convert -2 (base 7) to base 12.
-2
b (base 12) to base 15
b
Convert -4 (base 9) to base 13.
-4
What is 112 (base 3) in base 5?
24
Convert 1 (base 8) to base 11.
1
What is 2 (base 6) in base 14?
2
Convert -55 (base 6) to base 10.
-35
What is a (base 13) in base 6?
14
What is 7 (base 14) in base 10?
7
Convert 2 (base 14) to base 3.
2
What is 1 (base 10) in base 15?
1
What is 36 (base 7) in base 14?
1d
-1 (base 7) to base 3
-1
-2 (base 12) to base 11
-2
What is a (base 16) in base 5?
20
-1010110 (base 2) to base 16
-56
Convert 10110 (base 2) to base 6.
34
5 (base 15) to base 11
5
Convert 1 (base 8) to base 12.
1
Convert -2e (base 15) to base 8.
-54
What is 20 (base 7) in base 11?
13
2 (base 3) to base 4
2
Convert 1010 (base 3) to base 16.
1e
What is 100 (base 2) in base 12?
4
What is -4 (base 12) in base 15?
-4
42 (base 14) to base 4
322
What is -1111001 (base 2) in base 5?
-441
-1000101 (base 2) to base 15
-49
What is -15 (base 7) in base 11?
-11
36 (base 9) to base 14
25
What is 20 (base 13) in base 12?
22
What is -11110101 (base 2) in base 5?
-1440
What is 10 (base 6) in base 10?
6
Convert -10 (base 5) to base 12.
-5
Convert -3 (base 9) to base 15.
-3
-9 (base 14) to base 16
-9
What is -226 (base 12) in base 2?
-100111110
What is 38 (base 11) in base 9?
45
Convert -1 (base 15) to base 11.
-1
Convert 2101 (base 3) to base 9.
71
Convert -25 (base 12) to base 16.
-1d
Convert -1 (base 16) to base 3.
-1
Convert -62 (base 15) to base 3.
-10102
What is 0 (base 9) in base 15?
0
Convert 2 (base 9) to base 6.
2
What is 83 (base 10) in base 9?
102
Convert -1 (base 11) to base 14.
-1
65 (base 8) to base 3
1222
Convert -22 (base 6) to base 14.
-10
What is 12 (base 8) in base 15?
a
12 (base 16) to base 9
20
What is 24 (base 10) in base 14?
1a
Convert -2 (base 4) to base 11.
-2
30 (base 9) to base 7
36
-3 (base 4) to base 14
-3
Convert 1 (base 11) to base 5.
1
What is 110 (base 15) in base 10?
240
Convert 1 (base 14) to base 15.
1
aa (base 16) to base 14
c2
What is 0 (base 3) in base 13?
0
-31 (base 12) to base 6
-101
What is -18 (base 10) in base 12?
-16
-5 (base 14) to base 11
-5
1 (base 11) to base 2
1
Convert -23 (base 6) to base 8.
-17
210 (base 3) to base 8
25
Convert -100111111 (base 2) to base 4.
-10333
43 (base 15) to base 10
63
Convert -2 (base 14) to base 5.
-2
Convert -111111 (base 2) to base 13.
-4b
101 (base 2) to base 13
5
Convert 57 (base 12) to base 10.
67
What is b2 (base 16) in base 13?
109
Convert b7 (base 15) to base 7.
334
What is 2 (base 4) in base 10?
2
Convert 211 (base 3) to base 2.
10110
What is -d (base 15) in base 9?
-14
Convert -14 (base 11) to base 14.
-11
e (base 15) to base 9
15
What is 17 (base 10) in base 11?
16
220 (base 4) to base 7
55
What is -1a (base 15) in base 8?
-31
-1 (base 7) to base 12
-1
304 (base 7) to base 3
12121
Convert -52 (base 9) to base 12.
-3b
10b (base 14) to base 11
179
2 (base 13) to base 11
2
14 (base 5) to base 3
100
What is -11 (base 3) in base 8?
-4
1043 (base 5) to base 14
a8
-1 (base 7) to base 9
-1
4 (base 9) to base 3
11
46 (base 14) to base 3
2022
Convert -110 (base 2) to base 11.
-6
101 (base 3) to base 15
a
What is 4 (base 7) in base 5?
4
0 (base 7) to base 15
0
Convert -387 (base 10) to base 11.
-322
Convert -17 (base 11) to base 15.
-13
0 (base 15) to base 9
0
Convert -144 (base 9) to base 11.
-100
What is 1 (base 2) in base 10?
1
What is a (base 14) in base 10?
10
-2 (base 7) to base 9
-2
0 (base 2) to base 10
0
What is 247 (base 9) in base 2?
11001101
166 (base 15) to base 12
229
What is -13 (base 9) in base 3?
-110
Convert -2 (base 13) to base 7.
-2
What is -5 (base 12) in base 3?
-12
-6 (base 12) to base 10
-6
What is -130 (base 4) in base 3?
-1001
141 (base 6) to base 13
49
Convert 0 (base 3) to base 7.
0
Convert 22 (base 8) to base 16.
12
What is 1 (base 2) in base 13?
1
What is 1 (base 10) in base 6?
1
Convert 1001100 (base 2) to base 3.
2211
-1 (base 7) to base 14
-1
Convert -2 (base 3) to base 7.
-2
-1 (base 5) to base 13
-1
11 (base 4) to base 12
5
10101 (base 2) to base 7
30
-4 (base 11) to base 2
-100
51 (base 6) to base 16
1f
What is 18 (base 10) in base 3?
200
3 (base 4) to base 5
3
Convert 1011 (base 2) to base 5.
21
-3 (base 15) to base 7
-3
What is -4 (base 6) in base 3?
-11
What is -130 (base 10) in base 4?
-2002
What is 204 (base 8) in base 14?
96
What is -59 (base 10) in base 11?
-54
Convert -4 (base 13) to base 8.
-4
What is 4 (base 8) in base 11?
4
Convert 1201 (base 4) to base 13.
76
10 (base 6) to base 8
6
What is -132 (base 9) in base 5?
-420
-133 (base 9) to base 4
-1233
Convert 10 (base 8) to base 3.
22
-12 (base 5) to base 9
-7
Convert 111 (base 5) to base 2.
11111
What is 13 (base 12) in base 15?
10
9 (base 14) to base 11
9
What is -29 (base 12) in base 10?
-33
Convert 17 (base 8) to base 5.
30
What is 8e (base 16) in base 2?
10001110
-9 (base 12) to base 3
-100
-11 (base 5) to base 4
-12
What is -89 (base 12) in base 9?
-126
What is 150 (base 16) in base 2?
101010000
3 (base 6) to base 16
3
What is 16 (base 14) in base 10?
20
-11 (base 5) to base 2
-110
Convert 8d (base 15) to base 14.
97
Convert 53 (base 10) to base 8.
65
What is -14 (base 15) in base 3?
-201
What is -9 (base 10) in base 4?
-21
3 (base 4) to base 16
3
7 (base 16) to base 5
12
2 (base 13) to base 5
2
What is -202 (base 8) in base 12?
-aa
What is -14 (base 8) in base 6?
-20
Convert -2 (base 6) to base 15.
-2
Convert 4 (base 8) to base 5.
4
9 (base 13) to base 3
100
Convert -2 (base 3) to base 6.
-2
11 (base 2) to base 8
3
Convert 11 (base 4) to base 6.
5
Convert 17 (base 9) to base 11.
15
-233 (base 5) to base 7
-125
10 (base 8) to base 14
8
-102 (base 6) to base 11
-35
-c (base 13) to base 3
-110
What is -21 (base 11) in base 10?
-23
What is 14 (base 5) in base 6?
13
-2 (base 14) to base 6
-2
Convert -16 (base 9) to base 8.
-17
-2 (base 15) to base 6
-2
Convert 120 (base 6) to base 13.
39
Convert 2 (base 9) to base 7.
2
What is 2 (base 10) in base 6?
2
What is -1330 (base 4) in ba